{"id":169,"date":"2010-03-12T01:37:24","date_gmt":"2010-03-12T00:37:24","guid":{"rendered":"http:\/\/woytas.de\/praxis\/?page_id=169"},"modified":"2013-12-01T23:24:51","modified_gmt":"2013-12-01T22:24:51","slug":"impfungen","status":"publish","type":"page","link":"https:\/\/praxiswoytas.de\/?page_id=169","title":{"rendered":"Impfungen"},"content":{"rendered":"<table id=\"AutoNumber1\" style=\"border-collapse: collapse;\" border=\"0\" cellspacing=\"0\" cellpadding=\"0\" width=\"100%\">\n<tbody>\n<tr>\n<td width=\"75%\" align=\"left\" valign=\"top\">Impfungen geh\u00f6ren zu den      zuverl\u00e4ssigsten Methoden, bestimmte Krankheiten tats\u00e4chlich zu verhindern      und tragen damit zur Gesundheitsvorsorge bei. In meiner Praxis k\u00f6nnen Sie      und Ihre Kinder alle von der st\u00e4ndigen Impfkommission (STIKO) empfohlenen      Impfungen und alle reisemedizinisch notwendigen Impfungen erhalten. Dazu      z\u00e4hlen beispielsweise die Meningokokkenimpfung (gegen Hirnhautentz\u00fcndung) im      2. Lebensjahr, die Impfung gegen FSME -die durch Zecken \u00fcbertragenen      Fr\u00fchsommer-Meningitis-Erreger- oder Impfungen gegen Pneumokokken. Lassen Sie      sich in unserer Sprechstunde individuell beraten und bringen Sie dazu Ihren      Impfausweis mit. S\u00e4mtliche offiziell von der St\u00e4ndigen Impfkommission      Deutschlands (STIKO) empfohlenen Impfungen und in Th\u00fcringen zugelassenen      Impfungen werden vollst\u00e4ndig von Ihrer Krankenkasse erstattet.Wichtige      Informationen und Hintergr\u00fcnde zu den verschiedenen Impfungen k\u00f6nnen Sie auf      den folgenden Internetseiten erhalten:<\/p>\n<ul>\n<li> <a href=\"http:\/\/www.rki.de\/\" target=\"_blank\"> www.rki.de<\/a><\/li>\n<li><a href=\"http:\/\/www.impfen-info.de\" target=\"_blank\">www.impfen-info.de<\/a><\/li>\n<li> <a href=\"http:\/\/www.zecke.de\/\" target=\"_blank\"> www.zecke.de<\/a><\/li>\n<\/ul>\n<p>f\u00fcr Kinder:<\/p>\n<ul>\n<li> <a href=\"http:\/\/www.gesundes-kind.de\/\" target=\"_blank\"> www.gesundes-kind.de<\/a><\/li>\n<li> <a href=\"http:\/\/www.zeckenschule.de\/\" target=\"_blank\"> www.zeckenschule.de<\/a><\/li>\n<\/ul>\n<p><strong>Aktuelle Empfehlungen<\/strong><\/p>\n<p><a href=\"http:\/\/woytas.de\/praxis\/2010\/03\/impfung-gegen-humane-papillomaviren\/\"> <\/a>Unser Partner Impfdoc stellt aktuelle Informationen im <a href=\"http:\/\/www.impfbrief.de\/\" target=\"_blank\">Impfbrief<\/a> zu verf\u00fcgung.<\/p>\n<p style=\"text-align: center;\">\n<\/td>\n<td width=\"5%\" align=\"left\" valign=\"top\"><\/td>\n<td width=\"20%\" align=\"left\" valign=\"top\">\n<h3>Impfkalender<strong> (PDF)<br \/>\n<\/strong><\/h3>\n<pre><strong><\/strong><\/pre>\n<p><span style=\"font-size: x-small;\">Empfehlungen der St\u00e4ndigen Impfkommission (STIKO)<br \/>\n<\/span><\/p>\n<p><a class=\"InternalLink download\" title=\"zum Download: Albanisch (PDF\/1MB) (\u00d6ffnet neues Fenster)\" href=\"http:\/\/www.rki.de\/DE\/Content\/Infekt\/Impfen\/Materialien\/Downloads-Impfkalender\/Impfkalender_Albanisch.pdf?__blob=publicationFile\" target=\"_blank\"> <span style=\"font-size: x-small;\">Albanisch<\/span><\/a><\/p>\n<p><a class=\"InternalLink download\" title=\"zum Download: Arabisch (PDF\/2MB) (\u00d6ffnet neues Fenster)\" href=\"http:\/\/www.rki.de\/DE\/Content\/Infekt\/Impfen\/Materialien\/Downloads-Impfkalender\/Impfkalender_Arabisch.pdf?__blob=publicationFile\" target=\"_blank\"> <span style=\"font-size: x-small;\">Arabisch<\/span><\/a><\/p>\n<p><a class=\"InternalLink download\" title=\"zum Download: Deutsch (PDF\/670KB) (\u00d6ffnet neues Fenster)\" href=\"http:\/\/www.rki.de\/DE\/Content\/Infekt\/Impfen\/Materialien\/Downloads-Impfkalender\/Impfkalender_Deutsch.pdf?__blob=publicationFile\" target=\"_blank\"> <span style=\"font-size: x-small;\">Deutsch<\/span><\/a><\/p>\n<p><a class=\"InternalLink download\" title=\"zum Download: Englisch (PDF\/672KB) (\u00d6ffnet neues Fenster)\" href=\"http:\/\/www.rki.de\/DE\/Content\/Infekt\/Impfen\/Materialien\/Downloads-Impfkalender\/Impfkalender_Englisch.pdf?__blob=publicationFile\" target=\"_blank\"> <span style=\"font-size: x-small;\">Englisch<\/span><\/a><\/p>\n<p><a class=\"InternalLink download\" title=\"zum Download: Farsi (PDF\/1MB) (\u00d6ffnet neues Fenster)\" href=\"http:\/\/www.rki.de\/DE\/Content\/Infekt\/Impfen\/Materialien\/Downloads-Impfkalender\/Impfkalender_Farsi.pdf?__blob=publicationFile\" target=\"_blank\"> <span style=\"font-size: x-small;\">Farsi<\/span><\/a><\/p>\n<p><a class=\"InternalLink download\" title=\"zum Download: Franz\u00f6sisch (PDF\/871KB) (\u00d6ffnet neues Fenster)\" href=\"http:\/\/www.rki.de\/DE\/Content\/Infekt\/Impfen\/Materialien\/Downloads-Impfkalender\/Impfkalender_Franzoesisch.pdf?__blob=publicationFile\" target=\"_blank\"> <span style=\"font-size: x-small;\">Franz\u00f6sisch<\/span><\/a><\/p>\n<p><a class=\"InternalLink download\" title=\"zum Download: Kroatisch (PDF\/870KB) (\u00d6ffnet neues Fenster)\" href=\"http:\/\/www.rki.de\/DE\/Content\/Infekt\/Impfen\/Materialien\/Downloads-Impfkalender\/Impfkalender_Kroatisch.pdf?__blob=publicationFile\" target=\"_blank\"> <span style=\"font-size: x-small;\">Kroatisch<\/span><\/a><\/p>\n<p><a class=\"InternalLink download\" title=\"zum Download: Kurdisch (PDF\/1MB) (\u00d6ffnet neues Fenster)\" href=\"http:\/\/www.rki.de\/DE\/Content\/Infekt\/Impfen\/Materialien\/Downloads-Impfkalender\/Impfkalender_Kurdisch.pdf?__blob=publicationFile\" target=\"_blank\"> <span style=\"font-size: x-small;\">Kurdisch<\/span><\/a><\/p>\n<p><a class=\"InternalLink download\" title=\"zum Download: Polnisch (PDF\/871KB) (\u00d6ffnet neues Fenster)\" href=\"http:\/\/www.rki.de\/DE\/Content\/Infekt\/Impfen\/Materialien\/Downloads-Impfkalender\/Impfkalender_Polnisch.pdf?__blob=publicationFile\" target=\"_blank\"> <span style=\"font-size: x-small;\">Polnisch<\/span><\/a><\/p>\n<p><a class=\"InternalLink download\" title=\"zum Download: Rum\u00e4nisch (PDF\/672KB) (\u00d6ffnet neues Fenster)\" href=\"http:\/\/www.rki.de\/DE\/Content\/Infekt\/Impfen\/Materialien\/Downloads-Impfkalender\/Impfkalender_Rumaenisch.pdf?__blob=publicationFile\" target=\"_blank\"> <span style=\"font-size: x-small;\">Rum\u00e4nisch<\/span><\/a><\/p>\n<p><a class=\"InternalLink download\" title=\"zum Download: Russisch (PDF\/722KB) (\u00d6ffnet neues Fenster)\" href=\"http:\/\/www.rki.de\/DE\/Content\/Infekt\/Impfen\/Materialien\/Downloads-Impfkalender\/Impfkalender_Russisch.pdf?__blob=publicationFile\" target=\"_blank\"> <span style=\"font-size: x-small;\">Russisch<\/span><\/a><\/p>\n<p><a class=\"InternalLink download\" title=\"zum Download: Serbisch (PDF\/672KB) (\u00d6ffnet neues Fenster)\" href=\"http:\/\/www.rki.de\/DE\/Content\/Infekt\/Impfen\/Materialien\/Downloads-Impfkalender\/Impfkalender_Serbisch.pdf?__blob=publicationFile\" target=\"_blank\"> <span style=\"font-size: x-small;\">Serbisch<\/span><\/a><\/p>\n<p><a class=\"InternalLink download\" title=\"zum Download: Spanisch (PDF\/672KB) (\u00d6ffnet neues Fenster)\" href=\"http:\/\/www.rki.de\/DE\/Content\/Infekt\/Impfen\/Materialien\/Downloads-Impfkalender\/Impfkalender_Spanisch.pdf?__blob=publicationFile\" target=\"_blank\"> <span style=\"font-size: x-small;\">Spanisch<\/span><\/a><\/p>\n<p><a class=\"InternalLink download\" title=\"zum Download: T\u00fcrkisch (PDF\/672KB) (\u00d6ffnet neues Fenster)\" href=\"http:\/\/www.rki.de\/DE\/Content\/Infekt\/Impfen\/Materialien\/Downloads-Impfkalender\/Impfkalender_Tuerkisch.pdf?__blob=publicationFile\" target=\"_blank\"> <span style=\"font-size: x-small;\">T\u00fcrkisch<\/span><\/a><\/p>\n<p><a class=\"InternalLink download\" title=\"zum Download: Urdu (PDF\/2MB) (\u00d6ffnet neues Fenster)\" href=\"http:\/\/www.rki.de\/DE\/Content\/Infekt\/Impfen\/Materialien\/Downloads-Impfkalender\/Impfkalender_Urdu.pdf?__blob=publicationFile\" target=\"_blank\"> <span style=\"font-size: x-small;\">Urdu<\/span><\/a><\/p>\n<p><a class=\"InternalLink download\" title=\"zum Download: Vietnamesisch (PDF\/744KB) (\u00d6ffnet neues Fenster)\" href=\"http:\/\/www.rki.de\/DE\/Content\/Infekt\/Impfen\/Materialien\/Downloads-Impfkalender\/Impfkalender_Vietnamesisch.pdf?__blob=publicationFile\" target=\"_blank\"> <span style=\"font-size: x-small;\">Vietnamesisch<\/span><\/a><\/td>\n<\/tr>\n<\/tbody>\n<\/table>\n","protected":false},"excerpt":{"rendered":"<p>Impfungen geh\u00f6ren zu den zuverl\u00e4ssigsten Methoden, bestimmte Krankheiten tats\u00e4chlich zu verhindern und tragen damit zur Gesundheitsvorsorge bei. In meiner Praxis k\u00f6nnen Sie und Ihre Kinder alle von der st\u00e4ndigen Impfkommission (STIKO) empfohlenen Impfungen und alle reisemedizinisch notwendigen Impfungen erhalten. Dazu z\u00e4hlen beispielsweise die Meningokokkenimpfung (gegen Hirnhautentz\u00fcndung) im 2. Lebensjahr, die<span class=\"more-link\"><a href=\"https:\/\/praxiswoytas.de\/?page_id=169\">*** weiter lesen *** <\/a><\/span><\/p>\n","protected":false},"author":2,"featured_media":0,"parent":49,"menu_order":0,"comment_status":"closed","ping_status":"closed","template":"tmpl_fullwidth-page.php","meta":{"footnotes":""},"class_list":["entry","author-woytas","post-169","page","type-page","status-publish"],"_links":{"self":[{"href":"https:\/\/praxiswoytas.de\/index.php?rest_route=\/wp\/v2\/pages\/169","targetHints":{"allow":["GET"]}}],"collection":[{"href":"https:\/\/praxiswoytas.de\/index.php?rest_route=\/wp\/v2\/pages"}],"about":[{"href":"https:\/\/praxiswoytas.de\/index.php?rest_route=\/wp\/v2\/types\/page"}],"author":[{"embeddable":true,"href":"https:\/\/praxiswoytas.de\/index.php?rest_route=\/wp\/v2\/users\/2"}],"replies":[{"embeddable":true,"href":"https:\/\/praxiswoytas.de\/index.php?rest_route=%2Fwp%2Fv2%2Fcomments&post=169"}],"version-history":[{"count":21,"href":"https:\/\/praxiswoytas.de\/index.php?rest_route=\/wp\/v2\/pages\/169\/revisions"}],"predecessor-version":[{"id":172,"href":"https:\/\/praxiswoytas.de\/index.php?rest_route=\/wp\/v2\/pages\/169\/revisions\/172"}],"up":[{"embeddable":true,"href":"https:\/\/praxiswoytas.de\/index.php?rest_route=\/wp\/v2\/pages\/49"}],"wp:attachment":[{"href":"https:\/\/praxiswoytas.de\/index.php?rest_route=%2Fwp%2Fv2%2Fmedia&parent=169"}],"curies":[{"name":"wp","href":"https:\/\/api.w.org\/{rel}","templated":true}]}}