{"id":309,"date":"2010-03-18T01:05:13","date_gmt":"2010-03-18T00:05:13","guid":{"rendered":"http:\/\/woytas.de\/praxis\/?page_id=309"},"modified":"2020-09-16T23:58:10","modified_gmt":"2020-09-16T22:58:10","slug":"ausbildung","status":"publish","type":"page","link":"https:\/\/praxiswoytas.de\/?page_id=309","title":{"rendered":"Ausbildung"},"content":{"rendered":"<p>F\u00fcr folgende Berufe sind wir Ausbildungs- und \/ oder Praktikumsbetrieb<\/p>\n<ul>\n<li>medizinische(r) Fachangestellte(r)<\/li>\n<li>medizinische(r) Dokumentar(in)<\/li>\n<li>Praxismanager(in) \/ Casemanager(in)<\/li>\n<li>Arzt \/ \u00c4rztin<\/li>\n<\/ul>\n<p>Wir bieten interessierten Jung\u00e4rzten der Weiterbildungsrichtung Allgemeinmedizin Einblicke in den Alltag eines niedergelassenen Hausarztes und unterst\u00fctzen die jungen Kollegen im Rahmen des Mentorenprogrammes der <a href=\"http:\/\/www.laek-thueringen.de\/wcms\/DocsID\/Mentoren-Projekt?OpenDocument&amp;CurrentNaviEntry1=111117-41893-CM-0433616638#http:\/\/\" target=\"_blank\" rel=\"noopener noreferrer\">Landes\u00e4rztekammer Th\u00fcringen<\/a>.<\/p>\n<p><a href=\"http:\/\/www.laek-thueringen.de\/wcms\/DocsID\/06B223A6A740A297C1257A0000381724\/$file\/Mentoren-Projekt.pdf\" target=\"_blank\" rel=\"noopener noreferrer\">Mentorenprogramm der LAEKT<\/a><\/p>\n<p>Wir sind <a href=\"http:\/\/www.allgemeinmedizin.uni-jena.de\/content\/praxisnetzwerk\/stadt_erfurt\/woytas\/index_ger.html\" target=\"_blank\" rel=\"noopener noreferrer\">akkreditierte Lehrpraxis des Universit\u00e4tsklinikums Jena<\/a>. Sofern es mit Ausbildungsstand und Motivation vereinbar ist, k\u00f6nnen Medizinstudenten bei uns fast alles selbst tun &#8211; nat\u00fcrlich nach entsprechender Anleitung: Anamnese, untersuchen, Vorsorgeuntersuchung, impfen, Blutentnahmen, Injektionstechniken erlernen, Verweilkan\u00fclen legen, Infusionen ansetzten, EKG, Ergometrie, Lungenfunktion selbst auswerten etc.<\/p>\n","protected":false},"excerpt":{"rendered":"<p>F\u00fcr folgende Berufe sind wir Ausbildungs- und \/ oder Praktikumsbetrieb medizinische(r) Fachangestellte(r) medizinische(r) Dokumentar(in) Praxismanager(in) \/ Casemanager(in) Arzt \/ \u00c4rztin Wir bieten interessierten Jung\u00e4rzten der Weiterbildungsrichtung Allgemeinmedizin Einblicke in den Alltag eines niedergelassenen Hausarztes und unterst\u00fctzen die jungen Kollegen im Rahmen des Mentorenprogrammes der Landes\u00e4rztekammer Th\u00fcringen. Mentorenprogramm der LAEKT Wir<span class=\"more-link\"><a href=\"https:\/\/praxiswoytas.de\/?page_id=309\">*** weiter lesen *** <\/a><\/span><\/p>\n","protected":false},"author":2,"featured_media":0,"parent":132,"menu_order":0,"comment_status":"closed","ping_status":"closed","template":"","meta":{"footnotes":""},"class_list":["entry","author-woytas","post-309","page","type-page","status-publish"],"_links":{"self":[{"href":"https:\/\/praxiswoytas.de\/index.php?rest_route=\/wp\/v2\/pages\/309","targetHints":{"allow":["GET"]}}],"collection":[{"href":"https:\/\/praxiswoytas.de\/index.php?rest_route=\/wp\/v2\/pages"}],"about":[{"href":"https:\/\/praxiswoytas.de\/index.php?rest_route=\/wp\/v2\/types\/page"}],"author":[{"embeddable":true,"href":"https:\/\/praxiswoytas.de\/index.php?rest_route=\/wp\/v2\/users\/2"}],"replies":[{"embeddable":true,"href":"https:\/\/praxiswoytas.de\/index.php?rest_route=%2Fwp%2Fv2%2Fcomments&post=309"}],"version-history":[{"count":15,"href":"https:\/\/praxiswoytas.de\/index.php?rest_route=\/wp\/v2\/pages\/309\/revisions"}],"predecessor-version":[{"id":2624,"href":"https:\/\/praxiswoytas.de\/index.php?rest_route=\/wp\/v2\/pages\/309\/revisions\/2624"}],"up":[{"embeddable":true,"href":"https:\/\/praxiswoytas.de\/index.php?rest_route=\/wp\/v2\/pages\/132"}],"wp:attachment":[{"href":"https:\/\/praxiswoytas.de\/index.php?rest_route=%2Fwp%2Fv2%2Fmedia&parent=309"}],"curies":[{"name":"wp","href":"https:\/\/api.w.org\/{rel}","templated":true}]}}