{"id":5,"date":"2010-03-08T21:37:37","date_gmt":"2010-03-08T20:37:37","guid":{"rendered":"http:\/\/woytas.de\/praxis\/index.php?page_id=2"},"modified":"2023-11-24T10:00:55","modified_gmt":"2023-11-24T09:00:55","slug":"about-2","status":"publish","type":"page","link":"https:\/\/praxiswoytas.de\/?page_id=5","title":{"rendered":"Weg &#038; Lage"},"content":{"rendered":"<p><strong>Lage<\/strong><br \/>\nDie Hausarztpraxis Woytas befindet sich direkt im Zentrum von Erfurt schr\u00e4g gegen\u00fcber dem Angermuseum Richtung \u201eAlter Angerbrunnen\u201c im \u00c4rztehaus Anger 58 mit der \u201eAnger Vital Apotheke\u201c im Erdgescho\u00df. In die Praxisr\u00e4ume in der 3. Etage gelangen Sie \u00fcber das Treppenhaus Eingang Anger. Der Rollstuhlgeeignete Fahrstuhl ist \u00fcber den Eingang Borngasse erreichbar.<\/p>\n<p><strong>Bus &amp; Bahn<\/strong><br \/>\nStra\u00dfenbahnhaltestellen Anger: Linien 1,2,3,4,5 und 6<br \/>\nBushaltestelle Busbahnhof: Linie 9<br \/>\nBushaltestelle Thomaseck: Linie 51, 60<\/p>\n<p><strong>Parken<\/strong><\/p>\n<ul>\n<li>Parkh\u00e4user:\n<ul>\n<li>Anger 1 ( Meyfartstrasse)<\/li>\n<li>Forum 1 ,2 und\u00a0 3\u00a0 (Lachsgasse \/ Hirschlachufer)<\/li>\n<li>Thomaseck \/ Thomasstrasse<\/li>\n<\/ul>\n<\/li>\n<\/ul>\n<p><strong>Anfahrt<\/strong><br \/>\n<code><br \/>\n<iframe loading=\"lazy\" style=\"border: 0;\" tabindex=\"0\" src=\"https:\/\/www.google.com\/maps\/embed?pb=!1m18!1m12!1m3!1d2512.1908382401834!2d11.031372215750475!3d50.975663079551275!2m3!1f0!2f0!3f0!3m2!1i1024!2i768!4f13.1!3m3!1m2!1s0x0%3A0x9febcee3773f953f!2sMarcus-Matthias%20Woytas!5e0!3m2!1sde!2sde!4v1584831959521!5m2!1sde!2sde\" width=\"100%\" height=\"450\" frameborder=\"0\" allowfullscreen=\"allowfullscreen\" aria-hidden=\"false\"><\/iframe><br \/>\n<\/code><\/p>\n","protected":false},"excerpt":{"rendered":"<p>Lage Die Hausarztpraxis Woytas befindet sich direkt im Zentrum von Erfurt schr\u00e4g gegen\u00fcber dem Angermuseum Richtung \u201eAlter Angerbrunnen\u201c im \u00c4rztehaus Anger 58 mit der \u201eAnger Vital Apotheke\u201c im Erdgescho\u00df. In die Praxisr\u00e4ume in der 3. Etage gelangen Sie \u00fcber das Treppenhaus Eingang Anger. Der Rollstuhlgeeignete Fahrstuhl ist \u00fcber den Eingang<span class=\"more-link\"><a href=\"https:\/\/praxiswoytas.de\/?page_id=5\">*** weiter lesen *** <\/a><\/span><\/p>\n","protected":false},"author":2,"featured_media":0,"parent":0,"menu_order":0,"comment_status":"closed","ping_status":"closed","template":"","meta":{"footnotes":""},"class_list":["entry","author-woytas","post-5","page","type-page","status-publish"],"_links":{"self":[{"href":"https:\/\/praxiswoytas.de\/index.php?rest_route=\/wp\/v2\/pages\/5","targetHints":{"allow":["GET"]}}],"collection":[{"href":"https:\/\/praxiswoytas.de\/index.php?rest_route=\/wp\/v2\/pages"}],"about":[{"href":"https:\/\/praxiswoytas.de\/index.php?rest_route=\/wp\/v2\/types\/page"}],"author":[{"embeddable":true,"href":"https:\/\/praxiswoytas.de\/index.php?rest_route=\/wp\/v2\/users\/2"}],"replies":[{"embeddable":true,"href":"https:\/\/praxiswoytas.de\/index.php?rest_route=%2Fwp%2Fv2%2Fcomments&post=5"}],"version-history":[{"count":21,"href":"https:\/\/praxiswoytas.de\/index.php?rest_route=\/wp\/v2\/pages\/5\/revisions"}],"predecessor-version":[{"id":2820,"href":"https:\/\/praxiswoytas.de\/index.php?rest_route=\/wp\/v2\/pages\/5\/revisions\/2820"}],"wp:attachment":[{"href":"https:\/\/praxiswoytas.de\/index.php?rest_route=%2Fwp%2Fv2%2Fmedia&parent=5"}],"curies":[{"name":"wp","href":"https:\/\/api.w.org\/{rel}","templated":true}]}}