{"id":802,"date":"2011-05-01T22:57:50","date_gmt":"2011-05-01T21:57:50","guid":{"rendered":"http:\/\/praxiswoytas.de\/?page_id=802"},"modified":"2017-08-16T13:43:29","modified_gmt":"2017-08-16T12:43:29","slug":"praventions-und-rehasport","status":"publish","type":"page","link":"https:\/\/praxiswoytas.de\/?page_id=802","title":{"rendered":"Sport f\u00fcr ALLE"},"content":{"rendered":"<p>Wir freuen uns mit Kristin M\u00fchlberg und MEDLETIK\u00a0 fachkompetente  Partner f\u00fcr individuellen und gesundheitsorientierten Sport an unserer  Seite zu haben: Sport frei !!!<\/p>\n<p><a href=\"http:\/\/www.gfa-training.de\/\" target=\"_blank\"><span style=\"color: #ffffff;\"><img loading=\"lazy\" decoding=\"async\" class=\"alignleft size-medium wp-image-1789\" style=\"margin-left: 20px; margin-right: 20px;\" title=\"gfa\" src=\"http:\/\/praxiswoytas.de\/wp-content\/uploads\/2014\/06\/gfa-300x294.png\" alt=\"gfa\" width=\"175\" height=\"173\" srcset=\"https:\/\/praxiswoytas.de\/wp-content\/uploads\/2014\/06\/gfa-300x294.png 300w, https:\/\/praxiswoytas.de\/wp-content\/uploads\/2014\/06\/gfa-1024x1004.png 1024w\" sizes=\"auto, (max-width: 175px) 100vw, 175px\" \/><\/span><\/a><\/p>\n<p><strong>Kristin M\u00fchlberg <\/strong>ist Diplom-Sportwissenschaftlerin, Inhaberin des <a href=\"http:\/\/www.gfa-training.de\/\" target=\"_blank\">GFA-Trainingszentrum Erfurt<\/a> und Vorsitzende <a href=\"http:\/\/www.gesundfit-erfurt.de\/\" target=\"_blank\">Gesund und Fit Erfurt e.V.<\/a> Sie war viele Jahre Dozentin Universit\u00e4t Jena im Bereich    Trainingswissenschaftliche Grundlagen und speziell-didaktische Aspekte    der Sportart Leichtathletik und Athletik Trainerin der Deutschen Frauen   Nationalmannschaft in Karate (Bereich Kata), Kursleiterin   Universit\u00e4tssportverein Erfurt\/ Jena, Lauftrainer des &#8220;Laufladen   Erfurt&#8221;.<br \/>\nAls Diplom Personal Trainerin steht allen Patienten mit Rat und Tat zur   Seite die ihr Leben bewu\u00dft ver\u00e4ndern wollen und vielleicht auch ein   wenig m\u00fcssen. Sie hilft bei den individuellen Bewegungs- und   Trainingsgrundlagen, der \u00dcberwindung des inneren Schweinehundes und   genausogut bei der Ern\u00e4hrungsumstellung auf allen Ebenen des Sports vom   Anf\u00e4nger bis zum Profi.Unsere Zusammenarbeit findet sich in der   Formulierung von der Bewegungsidee bis zum Trainingsplan, von der   kontrollierten Belastung bis zur Leistungskontrolle: individuell,   planbar und effektiv.<br \/>\nWeitere Informationen: <a href=\"http:\/\/www.gfa-training.de\/\" target=\"_blank\">gfa-training<\/a>, <a href=\"http:\/\/www.gesundfit-erfurt.de\/\" target=\"_blank\">Gesund und Fit Erfurt e.V.<\/a> und <a href=\"http:\/\/www.medletik.de\/ueber-medletik\/team\/kristin-muehlberg\" target=\"_blank\">medletik<\/a><\/p>\n<hr \/>\n<p><span style=\"color: #ffffff;\">XX<\/span><\/p>\n<p><a href=\"http:\/\/www.medletik.de\/\" target=\"_blank\"><img loading=\"lazy\" decoding=\"async\" class=\"alignleft size-full wp-image-1787\" style=\"margin-left: 20px; margin-right: 20px;\" title=\"logo20medletik1\" src=\"http:\/\/praxiswoytas.de\/wp-content\/uploads\/2014\/06\/logo20medletik1.jpg\" alt=\"logo20medletik1\" width=\"175\" height=\"36\" srcset=\"https:\/\/praxiswoytas.de\/wp-content\/uploads\/2014\/06\/logo20medletik1.jpg 1725w, https:\/\/praxiswoytas.de\/wp-content\/uploads\/2014\/06\/logo20medletik1-300x62.jpg 300w, https:\/\/praxiswoytas.de\/wp-content\/uploads\/2014\/06\/logo20medletik1-1024x214.jpg 1024w\" sizes=\"auto, (max-width: 175px) 100vw, 175px\" \/><\/a>MEDLETIK   bietet wissenschaftlich fundiertes Wissen, Therapie- und   Trainingskonzepte f\u00fcr den langfristigen Erfolg und schmerzfreien Alltag.   Ansprechpartner f\u00fcr Sporteinsteiger, Gesundheits- und  Leistungssportler  sowie Menschen mit Erkrankungen aus den Bereichen  Orthop\u00e4die und  Chirurgie. Eine Kooperation von Sportwissenschaftern,  Sport- und  Physiotherapeuten sowie Sport- und Gesundheitsexperten.<\/p>\n<hr \/>\n<p><span style=\"color: #ffffff;\">XX<\/span><\/p>\n<p>Wir sind in vielen regionalen und \u00fcberregionalen Gesundheitsinitiativen aktiv. Motivationsprogramme wie Rauchentw\u00f6hnung und Ern\u00e4hrungsberatung geh\u00f6ren genauso dazu wie Pr\u00e4ventionssport, sowie Reha- und Funktionstraining.<br \/>\nPatienten erhalten von uns das &#8220;<a href=\"http:\/\/rezept-fuer-bewegung.de\">Rezept f\u00fcr Bewegung<\/a>&#8221; zur Vorlage bei ihrer Krankenkasse. AOK &#8211; Versicherte erhalten das Rezept f\u00fcr die kostenfreie Teilnahme am <a href=\"https:\/\/www.aokplus-online.de\/tarife-leistungen\/serviceangebote\/gesundheitsangebote.html\">AOK-Gesundheitsprogramm bzw.<br \/>\nf\u00fcr Unterst\u00fctzung f\u00fcr gesundheitsf\u00f6rdernde Ma\u00dfnahmen bis zu 400,-\u20ac<\/a>.<br \/>\nBei Erkrankung erfolgt die Ausstellung von Formularen zur Teilnahme am Rehasport bzw. Funktionstraining (z.B. Herzsportgruppe), au\u00dferdem besteht die M\u00f6glichkeit der Empfehlung von Kurma\u00dfnahmen.<\/p>\n<p><strong>Gesundheitssportangebote in Th\u00fcringen des Landessportbund Th\u00fcringen e.V. :<\/strong><br \/>\n[iframe: src=&#8221;http:\/\/37.26.201.138\/cgi-bin\/asg_cms.asp&#8221; frameborder=&#8221;0&#8243; width=&#8221;100%&#8221; height=&#8221;700&#8243; scrolling=&#8221;no&#8221;]<\/p>\n","protected":false},"excerpt":{"rendered":"<p>Wir freuen uns mit Kristin M\u00fchlberg und MEDLETIK\u00a0 fachkompetente Partner f\u00fcr individuellen und gesundheitsorientierten Sport an unserer Seite zu haben: Sport frei !!! Kristin M\u00fchlberg ist Diplom-Sportwissenschaftlerin, Inhaberin des GFA-Trainingszentrum Erfurt und Vorsitzende Gesund und Fit Erfurt e.V. Sie war viele Jahre Dozentin Universit\u00e4t Jena im Bereich Trainingswissenschaftliche Grundlagen und<span class=\"more-link\"><a href=\"https:\/\/praxiswoytas.de\/?page_id=802\">*** weiter lesen *** <\/a><\/span><\/p>\n","protected":false},"author":2,"featured_media":0,"parent":49,"menu_order":0,"comment_status":"closed","ping_status":"closed","template":"","meta":{"footnotes":""},"class_list":["entry","author-woytas","post-802","page","type-page","status-publish"],"_links":{"self":[{"href":"https:\/\/praxiswoytas.de\/index.php?rest_route=\/wp\/v2\/pages\/802","targetHints":{"allow":["GET"]}}],"collection":[{"href":"https:\/\/praxiswoytas.de\/index.php?rest_route=\/wp\/v2\/pages"}],"about":[{"href":"https:\/\/praxiswoytas.de\/index.php?rest_route=\/wp\/v2\/types\/page"}],"author":[{"embeddable":true,"href":"https:\/\/praxiswoytas.de\/index.php?rest_route=\/wp\/v2\/users\/2"}],"replies":[{"embeddable":true,"href":"https:\/\/praxiswoytas.de\/index.php?rest_route=%2Fwp%2Fv2%2Fcomments&post=802"}],"version-history":[{"count":16,"href":"https:\/\/praxiswoytas.de\/index.php?rest_route=\/wp\/v2\/pages\/802\/revisions"}],"predecessor-version":[{"id":1857,"href":"https:\/\/praxiswoytas.de\/index.php?rest_route=\/wp\/v2\/pages\/802\/revisions\/1857"}],"up":[{"embeddable":true,"href":"https:\/\/praxiswoytas.de\/index.php?rest_route=\/wp\/v2\/pages\/49"}],"wp:attachment":[{"href":"https:\/\/praxiswoytas.de\/index.php?rest_route=%2Fwp%2Fv2%2Fmedia&parent=802"}],"curies":[{"name":"wp","href":"https:\/\/api.w.org\/{rel}","templated":true}]}}